0.
6693
Calculate the greatest common factor of 99 and 8270702.
11
What is the greatest common factor of 2158 and 1992581?
83
Calculate the highest common divisor of 7 and 780821.
1
What is the greatest common factor of 26637 and 4660617?
39
What is the greatest common divisor of 84 and 93034844?
28
Calculate the greatest common factor of 10791 and 6561.
9
Calculate the highest common divisor of 362 and 825742634.
362
Calculate the highest common divisor of 308 and 209796092.
44
Calculate the highest common divisor of 15358769 and 425.
17
Calculate the highest common factor of 5559 and 20387454.
51
Calculate the highest common factor of 4902 and 360924.
114
What is the highest common factor of 3363867 and 234?
117
Calculate the highest common divisor of 160 and 11903648.
32
Calculate the greatest common divisor of 716 and 1222749.
179
What is the greatest common divisor of 100926 and 5082?
42
What is the highest common factor of 1814197 and 3311?
77
Calculate the highest common divisor of 22 and 1436732.
22
Calculate the highest common divisor of 13827288 and 456.
456
Calculate the greatest common divisor of 10001165 and 28135.
1655
Calculate the highest common divisor of 37 and 348513989.
37
Calculate the greatest common factor of 231 and 3604377.
21
Calculate the highest common factor of 2136964969 and 383.
383
What is the highest common factor of 52 and 41572?
4
What is the highest common factor of 28077 and 59073?
21
Calculate the greatest common divisor of 59474 and 451426.
262
What is the greatest common factor of 435 and 4066365?
15
What is the highest common factor of 1180 and 187371020?
1180
Calculate the greatest common divisor of 261834 and 108664.
578
What is the highest common factor of 10444810 and 2130?
710
What is the highest common divisor of 118015320 and 120?
120
Calculate the highest common divisor of 1559077528 and 27816.
9272
What is the greatest common factor of 1865062911 and 3723?
3723
What is the greatest common factor of 118 and 163917694?
118
Calculate the highest common factor of 5248 and 70568.
8
Calculate the highest common factor of 355596 and 5580.
12
Calculate the highest common divisor of 344341 and 511.
73
What is the greatest common factor of 21990 and 7716?
6
What is the greatest common factor of 1475712 and 3906?
126
What is the greatest common factor of 4028 and 504488?
76
What is the highest common divisor of 1950060 and 3605?
35
What is the greatest common divisor of 112 and 10280914?
14
Calculate the greatest common divisor of 938275 and 2925.
325
What is the highest common divisor of 72 and 47710584?
72
Calculate the highest common divisor of 3401 and 456271.
179
What is the highest common divisor of 6222 and 844458?
102
Calculate the greatest common divisor of 32 and 98565776.
16
Calculate the highest common factor of 90699 and 23861241.
1851
Calculate the greatest common factor of 688540 and 4196980.
3460
Calculate the greatest common divisor of 264822 and 380190.
2622
Calculate the greatest common divisor of 79118 and 219334.
34
What is the greatest common divisor of 153104 and 48?
16
Calculate the highest common factor of 389216463 and 38.
19
What is the highest common factor of 434644140 and 120?
60
Calculate the highest common factor of 5378239 and 375455.
1231
What is the highest common divisor of 58110 and 198170?
1490
What is the highest common divisor of 154846 and 174898?
1114
What is the greatest common factor of 6402 and 7201086?
582
What is the greatest common factor of 31302 and 1515372?
222
Calculate the greatest common factor of 909 and 798910.
101
Calculate the greatest common divisor of 3377450 and 45.
5
What is the greatest common factor of 33330583 and 141377?
3821
Calculate the highest common factor of 807709 and 11837.
133
What is the highest common factor of 13623488 and 136?
8
Calculate the greatest common factor of 16977433 and 939.
313
Calculate the highest common divisor of 427223 and 7661.
163
What is the highest common factor of 346894849 and 1119?
373
What is the highest common divisor of 98325 and 1449966?
1311
What is the greatest common divisor of 6 and 11973282?
6
What is the highest common divisor of 612 and 2672706?
102
Calculate the highest common divisor of 41344 and 357238.
646
What is the highest common factor of 26643 and 619512?
249
Calculate the greatest common factor of 123458624 and 16218.
1802
Calculate the greatest common divisor of 579 and 1049156106.
579
Calculate the highest common factor of 7 and 728708099.
7
What is the greatest common divisor of 2500 and 1092925?
25
Calculate the greatest common divisor of 812 and 122619308.
812
Calculate the highest common divisor of 2170572 and 49628.
2612
Calculate the highest common factor of 12 and 14327982.
6
What is the highest common divisor of 105936480 and 23400?
4680
What is the greatest common factor of 776 and 8983944?
8
What is the highest common divisor of 75824 and 1653904?
112
What is the highest common divisor of 66408 and 840?
24
What is the greatest common divisor of 872562 and 765798?
246
Calculate the greatest common divisor of 8172 and 7566137.
227
What is the highest common divisor of 6084 and 47725002?
234
What is the greatest common factor of 836895 and 45480?
15
Calculate the greatest common factor of 79473096 and 1224.
1224
What is the greatest common divisor of 1616 and 26147385?
101
What is the highest common divisor of 448265 and 65?
5
Calculate the highest common factor of 24 and 204968.
8
Calculate the highest common factor of 1617 and 3059903.
539
What is the highest common factor of 546 and 912522?
78
Calculate the greatest common divisor of 6020 and 4385136.
28
Calculate the highest common divisor of 1094 and 1747665547.
547
Calculate the greatest common factor of 11030 and 5313151.
1103
What is the greatest common divisor of 9614458 and 14?
14
Calculate the highest common factor of 62823472 and 1216.
16
Calculate the highest common divisor of 965512 and 244.
4
Calculate the highest common divisor of 4822027407 and 51.
51
What is the greatest common factor of 2316 and 9478230?
1158
Calculate the highest common divisor of 369 and 1527662952.
369
What is the highest common divisor of 3518162 and 7300?
146
Calculate the highest common divisor of 34716 and 5500.
44
What is the highest common factor of 41699 and 5635?
1127
Calculate the greatest common divisor of 5327920 and 141.
47
What is the greatest common factor of 24886785 and 2310?
1155
What is the highest common factor of 88996 and 1748?
76
Calculate the greatest common divisor of 475682 and 19926.
82
Calculate the highest common factor of 6937154 and 140.
14
Calculate the highest common divisor of 770 and 5403650.
70
Calculate the greatest common divisor of 73876022 and 10.
2
Calculate the highest common factor of 1141109820 and 270.
90
What is the highest common factor of 33631598 and 157?
157
What is the greatest common factor of 338690 and 21430?
10
What is the highest common divisor of 25298 and 185148?
278
Calculate the greatest common divisor of 16653 and 8172353.
427
Calculate the greatest common factor of 42 and 6964865922.
42
Calculate the greatest common divisor of 234997817 and 5644.
1411
What is the greatest common divisor of 1479181 and 3091?
11
Calculate the greatest common factor of 1071036 and 171121.
211
Calculate the highest common divisor of 2688 and 67894848.
1344
Calculate the greatest common factor of 24667623 and 1006.
503
Calculate the greatest common divisor of 6153745 and 492830.
1105
Calculate the greatest common factor of 302023770 and 579.
579
What is the highest common factor of 14514518 and 20102?
874
Calculate the highest common factor of 4331850 and 1440.
30
What is the highest common divisor of 81743 and 56330?
43
Calculate the greatest common divisor of 8501896 and 104.
104
Calculate the highest common factor of 15956761 and 3134.
1567
What is the greatest common factor of 34206450 and 15081?
1371
Calculate the greatest common factor of 81 and 3157452.
9
What is the highest common factor of 676015635 and 5979?
5979
Calculate the highest common factor of 32 and 144689624.
8
Calculate the highest common divisor of 77 and 600053146.
77
Calculate the highest common divisor of 101602 and 11